{"id":29758,"date":"2026-04-27T16:36:46","date_gmt":"2026-04-27T16:36:46","guid":{"rendered":"https:\/\/peekandpack.com\/?post_type=projects&#038;p=29758"},"modified":"2026-04-27T16:36:48","modified_gmt":"2026-04-27T16:36:48","slug":"lopez-de-hoyos-mad","status":"publish","type":"projects","link":"https:\/\/peekandpack.com\/es\/proyectos\/lopez-de-hoyos-mad\/","title":{"rendered":"Lopez de Hoyos (MAD)."},"content":{"rendered":"\n<p>Interiorismo a medida en promoci\u00f3n residencial: identidad, detalle y personalidad. <\/p>\n\n\n\n<p>En el marco de una promoci\u00f3n de viviendas, este proyecto de interiorismo nace con un objetivo claro: ir m\u00e1s all\u00e1 de lo est\u00e1ndar para crear un espacio verdaderamente \u00fanico, adaptado al estilo de vida y la personalidad de su propietario.<\/p>\n\n\n\n<p>Partiendo de una base arquitect\u00f3nica com\u00fan, se desarroll\u00f3 una propuesta personalizada en la que cada decisi\u00f3n \u2014desde la distribuci\u00f3n hasta la selecci\u00f3n de materiales, iluminaci\u00f3n y mobiliario\u2014 responde a una b\u00fasqueda de coherencia est\u00e9tica y funcional. El resultado es un interior que equilibra dise\u00f1o contempor\u00e1neo y calidez, generando una atm\u00f3sfera que se siente propia desde el primer momento.<\/p>\n\n\n\n<p>Este proyecto refleja nuestra manera de entender el interiorismo: escuchar, interpretar y transformar espacios en experiencias habitables que cuentan historias individuales, incluso dentro de contextos residenciales m\u00e1s homog\u00e9neos.<\/p>\n\n\n\n<figure class=\"wp-block-embed\"><div class=\"wp-block-embed__wrapper\">\nhttps:\/\/peekandpack.com\/projects\n<\/div><\/figure>\n","protected":false},"featured_media":29768,"template":"","class_list":["post-29758","projects","type-projects","status-publish","has-post-thumbnail","hentry"],"_links":{"self":[{"href":"https:\/\/peekandpack.com\/es\/wp-json\/wp\/v2\/projects\/29758","targetHints":{"allow":["GET"]}}],"collection":[{"href":"https:\/\/peekandpack.com\/es\/wp-json\/wp\/v2\/projects"}],"about":[{"href":"https:\/\/peekandpack.com\/es\/wp-json\/wp\/v2\/types\/projects"}],"wp:featuredmedia":[{"embeddable":true,"href":"https:\/\/peekandpack.com\/es\/wp-json\/wp\/v2\/media\/29768"}],"wp:attachment":[{"href":"https:\/\/peekandpack.com\/es\/wp-json\/wp\/v2\/media?parent=29758"}],"curies":[{"name":"wp","href":"https:\/\/api.w.org\/{rel}","templated":true}]}}

<p>Interiorismo a medida en promoción residencial: identidad, detalle y personalidad. </p>



<p>En el marco de una promoción de viviendas, este proyecto de interiorismo nace con un objetivo claro: ir más allá de lo estándar para crear un espacio verdaderamente único, adaptado al estilo de vida y la personalidad de su propietario.</p>



<p>Partiendo de una base arquitectónica común, se desarrolló una propuesta personalizada en la que cada decisión —desde la distribución hasta la selección de materiales, iluminación y mobiliario— responde a una búsqueda de coherencia estética y funcional. El resultado es un interior que equilibra diseño contemporáneo y calidez, generando una atmósfera que se siente propia desde el primer momento.</p>



<p>Este proyecto refleja nuestra manera de entender el interiorismo: escuchar, interpretar y transformar espacios en experiencias habitables que cuentan historias individuales, incluso dentro de contextos residenciales más homogéneos.</p>



<figure class="wp-block-embed"><div class="wp-block-embed__wrapper">
https://peekandpack.com/projects
</div></figure>
