{"id":5899,"date":"2016-07-11T15:47:03","date_gmt":"2016-07-11T15:49:27","guid":{"rendered":"http:\/\/peekandpack.com\/es\/?post_type=product&#038;p=5899"},"modified":"2021-01-27T16:49:28","modified_gmt":"2021-01-27T16:49:28","slug":"muebles-infantiles-y-mobiliario-infantil-oeuf-nyc","status":"publish","type":"product","link":"https:\/\/peekandpack.com\/es\/producto\/muebles-infantiles-y-mobiliario-infantil-oeuf-nyc\/","title":{"rendered":"Mini Libreria Ouef"},"content":{"rendered":"<p>Muebles infantiles y mobiliario infantil Oeuf NYC<\/p>\n<p>La mini Librer\u00eda de Oeuf ofrece un almacenamiento moderno y pr\u00e1ctico para cualquier habitaci\u00f3n. Ideal para los espacios m\u00e1s estrechos, es la altura la que proporciona una capacidad extra para guardar sus libros y juguetes favoritos. A los ni\u00f1os les encantar\u00e1 su dise\u00f1o divertido y a los padres su aspecto contempor\u00e1neo y la elegancia de una pieza de gran calidad.<\/p>\n<p>Acabado: color abedul y detalles en blanco<\/p>\n<p>Dimensiones: ancho\u00a0150 \u00a0x fondo 35.5cm \u00a0x alto 106,9cm.<\/p>\n<p>Producto realizado\u00a0de manera sostenible con las normas Europeas.<br \/>\nMaterial:\u00a0\u00a0madera contrachapada de abedul s\u00f3lido y eco-MDF<br \/>\nLos acabados son no t\u00f3xicos, realizados a base de agua y libre de riesgos para la salud.<br \/>\nEmbalaje de cart\u00f3n reciclado<br \/>\nNecesita un \u00a0m\u00ednimo\u00a0montaje<\/p>\n<p>Gastos de env\u00edo a cotizar en funci\u00f3n de la direcci\u00f3n de entrega.<\/p>\n<p>Entrega: 8\/10 d\u00edas<\/p>\n<p>&nbsp;<\/p>\n","protected":false},"excerpt":{"rendered":"<p>Mini Libreria Oeuf<\/p>\n","protected":false},"featured_media":5896,"comment_status":"open","ping_status":"closed","template":"","meta":[],"tags":[],"product_brand":[],"product_cat":[27,55,18,17],"class_list":{"0":"post-5899","1":"product","2":"type-product","3":"status-publish","4":"has-post-thumbnail","6":"product_cat-plus250","7":"product_cat-mobiliario-infantil","8":"product_cat-peek","9":"product_cat-currentmonth","10":"product_shipping_class-furniture-65-es","12":"first","13":"instock","14":"taxable","15":"shipping-taxable","16":"purchasable","17":"product-type-simple"},"_links":{"self":[{"href":"https:\/\/peekandpack.com\/es\/wp-json\/wp\/v2\/product\/5899","targetHints":{"allow":["GET"]}}],"collection":[{"href":"https:\/\/peekandpack.com\/es\/wp-json\/wp\/v2\/product"}],"about":[{"href":"https:\/\/peekandpack.com\/es\/wp-json\/wp\/v2\/types\/product"}],"replies":[{"embeddable":true,"href":"https:\/\/peekandpack.com\/es\/wp-json\/wp\/v2\/comments?post=5899"}],"wp:featuredmedia":[{"embeddable":true,"href":"https:\/\/peekandpack.com\/es\/wp-json\/wp\/v2\/media\/5896"}],"wp:attachment":[{"href":"https:\/\/peekandpack.com\/es\/wp-json\/wp\/v2\/media?parent=5899"}],"wp:term":[{"taxonomy":"post_tag","embeddable":true,"href":"https:\/\/peekandpack.com\/es\/wp-json\/wp\/v2\/tags?post=5899"},{"taxonomy":"product_brand","embeddable":true,"href":"https:\/\/peekandpack.com\/es\/wp-json\/wp\/v2\/product_brand?post=5899"},{"taxonomy":"product_cat","embeddable":true,"href":"https:\/\/peekandpack.com\/es\/wp-json\/wp\/v2\/product_cat?post=5899"}],"curies":[{"name":"wp","href":"https:\/\/api.w.org\/{rel}","templated":true}]}}

<p>Muebles infantiles y mobiliario infantil Oeuf NYC</p>
<p>La mini Librería de Oeuf ofrece un almacenamiento moderno y práctico para cualquier habitación. Ideal para los espacios más estrechos, es la altura la que proporciona una capacidad extra para guardar sus libros y juguetes favoritos. A los niños les encantará su diseño divertido y a los padres su aspecto contemporáneo y la elegancia de una pieza de gran calidad.</p>
<p>Acabado: color abedul y detalles en blanco</p>
<p>Dimensiones: ancho 150  x fondo 35.5cm  x alto 106,9cm.</p>
<p>Producto realizado de manera sostenible con las normas Europeas.<br />
Material:  madera contrachapada de abedul sólido y eco-MDF<br />
Los acabados son no tóxicos, realizados a base de agua y libre de riesgos para la salud.<br />
Embalaje de cartón reciclado<br />
Necesita un  mínimo montaje</p>
<p>Gastos de envío a cotizar en función de la dirección de entrega.</p>
<p>Entrega: 8/10 días</p>
<p>&nbsp;</p>
