{"id":11859,"date":"2021-04-14T13:05:14","date_gmt":"2021-04-14T13:07:22","guid":{"rendered":"https:\/\/peekandpack.com\/?post_type=product&#038;p=11859"},"modified":"2022-02-04T10:34:00","modified_gmt":"2022-02-04T10:34:00","slug":"cubo-almacenaje-de-nofred","status":"publish","type":"product","link":"https:\/\/peekandpack.com\/es\/producto\/cubo-almacenaje-de-nofred\/","title":{"rendered":"Cubo Almacenaje de NOFRED"},"content":{"rendered":"<p>The Cube Storage &#8211; dise\u00f1o dan\u00e9s de Nofred &#8211; es un mueble de madera pr\u00e1ctico pero muy est\u00e9tico, funci\u00f3n 3 en 1. El cubo se puede utilizar como unidad de almacenamiento port\u00e1til, mesa auxiliar o asiento.<\/p>\n<p>El almacenamiento de juguetes, zapatos y otros art\u00edculos de tus hijos<br \/>\nDise\u00f1ado para adaptarse est\u00e9ticamente a cualquier habitaci\u00f3n y estilo de toda la casa.<br \/>\nEl Cube Storage es estable y duradero, por lo que el ni\u00f1o puede usarlo como asiento.<br \/>\nViene como una caja plana con todo lo necesario para el montaje e incluye las cuatro ruedas de goma blanda, una de las cuales tiene freno.<br \/>\nElaborado y dise\u00f1ado en 4\u00a0 colores (Madera, blanco, gris y arena).<\/p>\n<p>Dise\u00f1o dan\u00e9s de Nofred, fabricado en Europa.<\/p>\n<p>MEDIDAS 360 mm x 360 mm x 36cm altura (con ruedas: 42cm altura)<\/p>\n<p>PESO 6 kg.<\/p>\n<p>MATERIAL Chapa de abedul con pintura \/ laca no t\u00f3xica.<\/p>\n<p>PA\u00cdS DE ORIGEN Rep\u00fablica Checa.<\/p>\n","protected":false},"excerpt":{"rendered":"<p>Cubo almacenaje NOFRED<\/p>\n","protected":false},"featured_media":11840,"comment_status":"closed","ping_status":"closed","template":"","meta":[],"tags":[],"product_brand":[],"product_cat":[51,26,55,18,17],"class_list":{"0":"post-11859","1":"product","2":"type-product","3":"status-publish","4":"has-post-thumbnail","6":"product_cat-juguetes-originales","7":"product_cat-minus240","8":"product_cat-mobiliario-infantil","9":"product_cat-peek","10":"product_cat-currentmonth","11":"product_shipping_class-standard-shipping-es","13":"first","14":"instock","15":"taxable","16":"shipping-taxable","17":"purchasable","18":"product-type-variable"},"_links":{"self":[{"href":"https:\/\/peekandpack.com\/es\/wp-json\/wp\/v2\/product\/11859","targetHints":{"allow":["GET"]}}],"collection":[{"href":"https:\/\/peekandpack.com\/es\/wp-json\/wp\/v2\/product"}],"about":[{"href":"https:\/\/peekandpack.com\/es\/wp-json\/wp\/v2\/types\/product"}],"replies":[{"embeddable":true,"href":"https:\/\/peekandpack.com\/es\/wp-json\/wp\/v2\/comments?post=11859"}],"wp:featuredmedia":[{"embeddable":true,"href":"https:\/\/peekandpack.com\/es\/wp-json\/wp\/v2\/media\/11840"}],"wp:attachment":[{"href":"https:\/\/peekandpack.com\/es\/wp-json\/wp\/v2\/media?parent=11859"}],"wp:term":[{"taxonomy":"post_tag","embeddable":true,"href":"https:\/\/peekandpack.com\/es\/wp-json\/wp\/v2\/tags?post=11859"},{"taxonomy":"product_brand","embeddable":true,"href":"https:\/\/peekandpack.com\/es\/wp-json\/wp\/v2\/product_brand?post=11859"},{"taxonomy":"product_cat","embeddable":true,"href":"https:\/\/peekandpack.com\/es\/wp-json\/wp\/v2\/product_cat?post=11859"}],"curies":[{"name":"wp","href":"https:\/\/api.w.org\/{rel}","templated":true}]}}

<p>The Cube Storage &#8211; diseño danés de Nofred &#8211; es un mueble de madera práctico pero muy estético, función 3 en 1. El cubo se puede utilizar como unidad de almacenamiento portátil, mesa auxiliar o asiento.</p>
<p>El almacenamiento de juguetes, zapatos y otros artículos de tus hijos<br />
Diseñado para adaptarse estéticamente a cualquier habitación y estilo de toda la casa.<br />
El Cube Storage es estable y duradero, por lo que el niño puede usarlo como asiento.<br />
Viene como una caja plana con todo lo necesario para el montaje e incluye las cuatro ruedas de goma blanda, una de las cuales tiene freno.<br />
Elaborado y diseñado en 4  colores (Madera, blanco, gris y arena).</p>
<p>Diseño danés de Nofred, fabricado en Europa.</p>
<p>MEDIDAS 360 mm x 360 mm x 36cm altura (con ruedas: 42cm altura)</p>
<p>PESO 6 kg.</p>
<p>MATERIAL Chapa de abedul con pintura / laca no tóxica.</p>
<p>PAÍS DE ORIGEN República Checa.</p>
